{"id":4152,"date":"2025-06-20T10:03:51","date_gmt":"2025-06-20T10:03:51","guid":{"rendered":"https:\/\/inkoo.es\/2025\/?page_id=4152"},"modified":"2025-06-27T10:13:38","modified_gmt":"2025-06-27T10:13:38","slug":"politica-de-privacitat","status":"publish","type":"page","link":"https:\/\/inkoo.es\/2025\/politica-de-privacitat\/","title":{"rendered":"Pol\u00edtica de privacitat"},"content":{"rendered":"\t\t<div data-elementor-type=\"wp-page\" data-elementor-id=\"4152\" class=\"elementor elementor-4152\">\n\t\t\t\t\t\t<section class=\"elementor-section elementor-top-section elementor-element elementor-element-6a8a7dda elementor-section-boxed elementor-section-height-default elementor-section-height-default\" data-id=\"6a8a7dda\" data-element_type=\"section\" data-e-type=\"section\">\n\t\t\t\t\t\t<div class=\"elementor-container elementor-column-gap-default\">\n\t\t\t\t\t<div class=\"elementor-column elementor-col-100 elementor-top-column elementor-element elementor-element-2c99e729\" data-id=\"2c99e729\" data-element_type=\"column\" data-e-type=\"column\">\n\t\t\t<div class=\"elementor-widget-wrap elementor-element-populated\">\n\t\t\t\t\t\t<div class=\"elementor-element elementor-element-46f9d35d elementor-widget elementor-widget-text-editor\" data-id=\"46f9d35d\" data-element_type=\"widget\" data-e-type=\"widget\" data-widget_type=\"text-editor.default\">\n\t\t\t\t<div class=\"elementor-widget-container\">\n\t\t\t\t\t\t\t\t\t<h1>Pol\u00edtica de privacitat<\/h1><p>EL TITULAR es compromet a protegir la privacitat dels usuaris que accedeixin a aquest web i\/o qualsevol dels seus serveis. La utilitzaci\u00f3 del web i\/o de qualsevol dels serveis oferts per EL TITULAR, implica l&#8217;acceptaci\u00f3 per part de l&#8221;usuari de les disposicions contingudes en la present Pol\u00edtica de Privacitat i que les seves dades personals siguin tractades segons s&#8217;hi estipula. Si us plau, tingui en compte que tot i que hi pugui haver enlla\u00e7os del nostre web a d&#8217;altres webs, aquesta Pol\u00edtica de Privacitat no s&#8217;aplica als webs d&#8217;altres companyies o organitzacions a les quals el web estigui redirigit. EL TITULAR no controla el contingut dels webs de tercers ni accepta cap tipus de responsabilitat pel contingut o les pol\u00edtiques de privacitat d&#8217;aquests webs.<\/p><h2 class=\"title3 titol \">Informaci\u00f3 sobre el tractament de dades (Reglament (UE) 2016\/679 i LO 3\/2018)<\/h2><ul class=\" \"><li><div class=\"cont\"><p><span class=\"text-bold  \">Responsable del tractament:<\/span>\u00a0EL TITULAR. Les nostres dades figuren a l&#8217;<a href=\"https:\/\/ahorrarcadadiaconloselectrodomesticos.com\/inkoo\/ca\/avis-legal\/index.htm\" target=\"_blank\" rel=\"noopener\">av\u00eds legal<\/a>\u00a0d&#8217;aquest web.<\/p><\/div><\/li><li><div class=\"cont\"><p><span class=\"text-bold  \">Finalitat del tractament:<\/span>\u00a0Oferir i gestionar els nostres productes i\/o serveis.<\/p><\/div><\/li><li><div class=\"cont\"><p><span class=\"text-bold  \">Legitimaci\u00f3:<\/span>\u00a0Consentiment obtingut de l&#8217;interessat. Execuci\u00f3 del contracte de serveis.<\/p><\/div><\/li><li><div class=\"cont\"><p><span class=\"text-bold  \">Destinataris:<\/span>\u00a0Les dades no seran comunicades a tercers, llevat que ho exigeixi una llei o sigui necessari per complir amb la finalitat del tractament.<\/p><\/div><\/li><li><div class=\"cont\"><p><span class=\"text-bold  \">Drets de les persones:<\/span>\u00a0Els interessats tenen dret a exercir els drets d&#8217;acc\u00e9s, rectificaci\u00f3, limitaci\u00f3 de tractament, supressi\u00f3, portabilitat i oposici\u00f3, enviant la seva sol\u00b7licitud a la nostra l&#8217;adre\u00e7a.<\/p><\/div><\/li><li><div class=\"cont\"><p><span class=\"text-bold  \">Termini de conservaci\u00f3 de les dades:<\/span>\u00a0Mentre es mantingui la relaci\u00f3 comercial o durant els anys necessaris per complir amb les obligacions legals.<\/p><\/div><\/li><li><div class=\"cont\"><p><span class=\"text-bold  \">Reclamaci\u00f3:<\/span>\u00a0Els interessats es poden dirigir a l&#8217;AEPD per presentar la reclamaci\u00f3 que consideri oportuna.<\/p><\/div><\/li><li><div class=\"cont\"><p><span class=\"text-bold  \">Informaci\u00f3 addicional:<\/span>\u00a0Pot consultar la informaci\u00f3 addicional i detallada a continuaci\u00f3 a les \u201cQ\u00fcestions sobre privacitat\u201d.<\/p><\/div><\/li><\/ul><h2 class=\"title3 titol text-uppercase\">Q\u00fcestions sobre privacitat<\/h2><p>En compliment del Reglament (UE) 2016\/679 del Parlament Europeu i del Consell, de 27 d&#8217;abril de 2016, (RGPD) i la Llei Org\u00e0nica 3\/2018, de 5 de desembre, de Protecci\u00f3 de Dades Personals i garantia dels drets digitals (LOPDGDD), li oferim la seg\u00fcent informaci\u00f3 sobre el tractament de les seves dades personals:<\/p><h3 class=\"title4 titol \">Qui \u00e9s el responsable del tractament de les seves dades?<\/h3><p>EL TITULAR.<br \/>Les nostres dades figuren a l&#8217;<a href=\"https:\/\/ahorrarcadadiaconloselectrodomesticos.com\/inkoo\/ca\/avis-legal\/index.htm\" target=\"_blank\" rel=\"noopener\">av\u00eds legal<\/a>\u00a0d&#8217;aquest web.<\/p><h3 class=\"title4 titol \">Amb quina finalitat tractem les seves dades personals?<\/h3><ul class=\" \"><li><div class=\"cont\"><p>Tractem la informaci\u00f3 que se&#8217;ns facilita per prestar i facturar els nostres serveis i productes.<\/p><\/div><\/li><li><div class=\"cont\"><p>Si ens d\u00f3na el seu consentiment tamb\u00e9 podrem tractar les seves dades per enviar-li informaci\u00f3 sobre les nostres activitats, serveis i productes.<\/p><\/div><\/li><li><div class=\"cont\"><p>Si participa en algun dels nostres sortejos i\/o concursos publicarem el seu nom i cognoms, i la seva imatge, en els diferents espais i mitjans de comunicaci\u00f3 i difusi\u00f3 que utilitzem, incloses les xarxes socials, amb la finalitat de promocionar les nostres activitats, serveis i productes.<\/p><\/div><\/li><\/ul><h3 class=\"title4 titol \">Durant quant de temps conservarem les seves dades?<\/h3><p>Les dades personals proporcionades es conservaran mentre sigui usuari dels nostres serveis o en vulgui rebre informaci\u00f3, i si participa en una promoci\u00f3 mentre aquesta estigui activa, i despr\u00e9s, durant el terminis establerts per complir amb les nostres obligacions legals.<\/p><h3 class=\"title4 titol \">Quina \u00e9s la legitimaci\u00f3 per al tractament de les seves dades?<\/h3><p>La base legal per als tractaments de les seves dades s\u00f3n els consentiments que ens d\u00f3na.<\/p><p>Respecte a la informaci\u00f3 que ens sigui enviada per menors de 14 anys, s&#8217;entendr\u00e0 que ho ha estat amb el consentiment dels seus representants legals. Si no \u00e9s aix\u00ed, el representant legal del menor ens ho ha de comunicar tan aviat com en tingui coneixement.<\/p><h3 class=\"title4 titol \">A quins destinataris es comunicaran les seves dades?<\/h3><p>Les dades no seran comunicades a tercers, llevat que ho exigeixi una llei o sigui necessari per complir amb la finalitat del tractament.<\/p><h3 class=\"title4 titol \">Quins s\u00f3n els seus drets quan ens facilita les seves dades?<\/h3><ul class=\" \"><li><div class=\"cont\"><p>Qualsevol persona t\u00e9 dret a obtenir confirmaci\u00f3 sobre si estem tractant o no les seves dades personals.<\/p><\/div><\/li><li><div class=\"cont\"><p>Les persones interessades tenen dret a accedir a les seves dades personals, aix\u00ed com a sol\u00b7licitar la rectificaci\u00f3 de les dades inexactes o, si escau, sol\u00b7licitar la seva supressi\u00f3 quan, entre d&#8217;altres motius, les dades ja no siguin necess\u00e0ries per a les finalitats per a les que es van recollir.<\/p><\/div><\/li><li><div class=\"cont\"><p>En determinades circumst\u00e0ncies els interessats podran sol\u00b7licitar la limitaci\u00f3 del tractament de les seves dades, en aquest cas \u00fanicament les conservarem per a l&#8217;exercici o la defensa de reclamacions.<\/p><\/div><\/li><li><div class=\"cont\"><p>Tamb\u00e9, en determinades circumst\u00e0ncies i per motius relacionats amb la seva situaci\u00f3 particular, els interessats es poden oposar al tractament de les seves dades. En aquest cas deixarem de tractar-les, excepte per motius leg\u00edtims imperiosos o per a l&#8217;exercici o la defensa de possibles reclamacions.<\/p><\/div><\/li><li><div class=\"cont\"><p>Els interessats tamb\u00e9 tenen dret a la portabilitat de les seves dades.<\/p><\/div><\/li><li><div class=\"cont\"><p>Finalment, els interessats tenen dret a presentar una reclamaci\u00f3 davant l&#8217;Autoritat de Control competent.<\/p><\/div><\/li><\/ul><h3 class=\"title4 titol \">Com pot exercir els seus drets?<\/h3><p>Enviant-nos un escrit adjuntant una c\u00f2pia d&#8217;un document que l&#8217;identifiqui, a la nostra adre\u00e7a f\u00edsica o a l&#8217;electr\u00f2nica.<\/p><h3 class=\"title4 titol \">Com hem obtingut les seves dades?<\/h3><p>Les dades personals que tractem procedeixen del propi interessat, qui garanteix que les dades personals facilitades s\u00f3n certes i es fa responsable de comunicar-ne qualsevol modificaci\u00f3. Les dades que estiguin marcades amb un asterisc s\u00f3n obligat\u00f2ries per poder donar-li el servei sol\u00b7licitat.<\/p><h3 class=\"title4 titol \">Quines dades tractem?<\/h3><p>Les categories de dades que podem tractar s\u00f3n:<\/p><ul class=\" \"><li><div class=\"cont\"><p>Dades de car\u00e0cter identificatiu.<\/p><\/div><\/li><li><div class=\"cont\"><p>Adreces postals o electr\u00f2niques.<\/p><\/div><\/li><li><div class=\"cont\"><p>Altres dades sol\u00b7licitades en els nostres formularis.<\/p><\/div><\/li><\/ul><p>Les dades s\u00f3n limitades, at\u00e8s que \u00fanicament tractem les dades necess\u00e0ries per a la prestaci\u00f3 dels nostres serveis i la gesti\u00f3 de la nostra activitat.<\/p><h3 class=\"title4 titol \">Utilitzem cookies?<\/h3><p>Utilitzem cookies durant la navegaci\u00f3 a la nostra web amb el consentiment informat de l&#8217;usuari. L&#8217;usuari pot configurar el seu navegador perqu\u00e8 l&#8217;avisi de la utilitzaci\u00f3 de cookies i per evitar-ne el seu \u00fas. Per obtenir m\u00e9s informaci\u00f3 visiti la nostra\u00a0<a href=\"https:\/\/ahorrarcadadiaconloselectrodomesticos.com\/inkoo\/ca\/avis-legal\/index.htm\" target=\"_blank\" rel=\"noopener\">pol\u00edtica de cookies<\/a>.<\/p><h3 class=\"title4 titol \">Quines mesures de seguretat apliquem?<\/h3><p>Apliquem les mesures de seguretat establertes a l&#8217;article 32 del RGPD, per tant hem adoptat les mesures de seguretat necess\u00e0ries per garantir un nivell de seguretat adequat al risc del tractament de dades que realitzem, amb mecanismes que ens permeten garantir la confidencialitat, integritat, disponibilitat i resili\u00e8ncia permanent dels sistemes i serveis de tractament.<\/p><p>Algunes d&#8217;aquestes mesures s\u00f3n:<\/p><ul class=\" \"><li><div class=\"cont\"><p>Informaci\u00f3 de les pol\u00edtiques de tractament de dades al personal.<\/p><\/div><\/li><li><div class=\"cont\"><p>Realitzaci\u00f3 de c\u00f2pies de seguretat peri\u00f2diques.<\/p><\/div><\/li><li><div class=\"cont\"><p>Control d&#8217;acc\u00e9s a les dades.<\/p><\/div><\/li><li><div class=\"cont\"><p>Processos de verificaci\u00f3, avaluaci\u00f3 i valoraci\u00f3 regulars.<\/p><\/div><\/li><\/ul>\t\t\t\t\t\t\t\t<\/div>\n\t\t\t\t<\/div>\n\t\t\t\t\t<\/div>\n\t\t<\/div>\n\t\t\t\t\t<\/div>\n\t\t<\/section>\n\t\t\t\t<\/div>\n\t\t","protected":false},"excerpt":{"rendered":"<p>Pol\u00edtica de privacitat EL TITULAR es compromet a protegir la privacitat dels usuaris que accedeixin a aquest web i\/o qualsevol dels seus serveis. La utilitzaci\u00f3 del web i\/o de qualsevol dels serveis oferts per EL TITULAR, implica l&#8217;acceptaci\u00f3 per part de l&#8221;usuari de les disposicions contingudes en la present Pol\u00edtica de Privacitat i que les &#8230; <a title=\"Pol\u00edtica de privacitat\" class=\"read-more\" href=\"https:\/\/inkoo.es\/2025\/politica-de-privacitat\/\">Read more<\/a><\/p>\n","protected":false},"author":1,"featured_media":0,"parent":0,"menu_order":0,"comment_status":"closed","ping_status":"open","template":"","meta":{"indra_pageheader":"","footnotes":""},"class_list":["post-4152","page","type-page","status-publish"],"_links":{"self":[{"href":"https:\/\/inkoo.es\/2025\/wp-json\/wp\/v2\/page\/4152","targetHints":{"allow":["GET"]}}],"collection":[{"href":"https:\/\/inkoo.es\/2025\/wp-json\/wp\/v2\/page"}],"about":[{"href":"https:\/\/inkoo.es\/2025\/wp-json\/wp\/v2\/types\/page"}],"author":[{"embeddable":true,"href":"https:\/\/inkoo.es\/2025\/wp-json\/wp\/v2\/users\/1"}],"replies":[{"embeddable":true,"href":"https:\/\/inkoo.es\/2025\/wp-json\/wp\/v2\/comments?post=4152"}],"version-history":[{"count":4,"href":"https:\/\/inkoo.es\/2025\/wp-json\/wp\/v2\/page\/4152\/revisions"}],"predecessor-version":[{"id":4156,"href":"https:\/\/inkoo.es\/2025\/wp-json\/wp\/v2\/page\/4152\/revisions\/4156"}],"wp:attachment":[{"href":"https:\/\/inkoo.es\/2025\/wp-json\/wp\/v2\/media?parent=4152"}],"curies":[{"name":"wp","href":"https:\/\/api.w.org\/{rel}","templated":true}]}}